{"id":1280,"date":"2025-12-05T01:11:08","date_gmt":"2025-12-05T01:11:08","guid":{"rendered":"https:\/\/conceptonayf.com\/?page_id=1280"},"modified":"2026-05-18T10:41:38","modified_gmt":"2026-05-18T13:41:38","slug":"galeria-virtual","status":"publish","type":"page","link":"https:\/\/conceptonayf.com\/en\/galeria-virtual\/","title":{"rendered":"Virtual Gallery"},"content":{"rendered":"<div data-elementor-type=\"wp-page\" data-elementor-id=\"1280\" class=\"elementor elementor-1280\">\n\t\t\t\t<div class=\"elementor-element elementor-element-566b1bc5 e-flex e-con-boxed e-con e-parent\" data-id=\"566b1bc5\" data-element_type=\"container\" data-e-type=\"container\" data-settings=\"{&quot;background_background&quot;:&quot;classic&quot;}\">\n\t\t\t\t\t<div class=\"e-con-inner\">\n\t\t<div class=\"elementor-element elementor-element-595511a8 e-con-full e-flex e-con e-child\" data-id=\"595511a8\" data-element_type=\"container\" data-e-type=\"container\">\n\t\t\t\t<div class=\"elementor-element elementor-element-17346a38 elementor-widget elementor-widget-heading\" data-id=\"17346a38\" data-element_type=\"widget\" data-e-type=\"widget\" data-widget_type=\"heading.default\">\n\t\t\t\t\t<h2 class=\"elementor-heading-title elementor-size-default\">VIRTUAL GALLERY<\/h2>\t\t\t\t<\/div>\n\t\t\t\t<\/div>\n\t\t\t\t\t<\/div>\n\t\t\t\t<\/div>\n\t\t<div class=\"elementor-element elementor-element-0697f7c e-flex e-con-boxed e-con e-parent\" data-id=\"0697f7c\" data-element_type=\"container\" data-e-type=\"container\" id=\"quienesSomos\" data-settings=\"{&quot;background_background&quot;:&quot;classic&quot;}\">\n\t\t\t\t\t<div class=\"e-con-inner\">\n\t\t<div class=\"elementor-element elementor-element-f879f26 e-con-full e-flex e-con e-child\" data-id=\"f879f26\" data-element_type=\"container\" data-e-type=\"container\">\n\t\t\t\t<div class=\"elementor-element elementor-element-8a53212 elementor-widget elementor-widget-heading\" data-id=\"8a53212\" data-element_type=\"widget\" data-e-type=\"widget\" data-widget_type=\"heading.default\">\n\t\t\t\t\t<div class=\"elementor-heading-title elementor-size-default\">The Virtual Gallery at CONCEPTO NAYF is a digital space that showcases works by local and contemporary artists, allowing exhibitions to extend beyond the physical venue.<\/div>\t\t\t\t<\/div>\n\t\t\t\t<div class=\"elementor-element elementor-element-5a0cd06 elementor-widget elementor-widget-text-editor\" data-id=\"5a0cd06\" data-element_type=\"widget\" data-e-type=\"widget\" data-widget_type=\"text-editor.default\">\n\t\t\t\t\t\t\t\t\t<p>Here, visitors can explore projects, collections, and selected pieces from anywhere, offering greater reach and visibility for artistic work.<\/p><p>The Virtual Gallery aims to bring art to new audiences and expand opportunities for connection between artists and viewers.<\/p>\t\t\t\t\t\t\t\t<\/div>\n\t\t\t\t<\/div>\n\t\t\t\t\t<\/div>\n\t\t\t\t<\/div>\n\t\t<div class=\"elementor-element elementor-element-df28cf7 e-flex e-con-boxed e-con e-parent\" data-id=\"df28cf7\" data-element_type=\"container\" data-e-type=\"container\" data-settings=\"{&quot;background_background&quot;:&quot;classic&quot;}\">\n\t\t\t\t\t<div class=\"e-con-inner\">\n\t\t<div class=\"elementor-element elementor-element-f55ce45 e-con-full e-flex e-con e-child\" data-id=\"f55ce45\" data-element_type=\"container\" data-e-type=\"container\">\n\t\t\t\t<div class=\"elementor-element elementor-element-68a18c8 gallery-spacing-custom elementor-invisible elementor-widget elementor-widget-image-gallery\" data-id=\"68a18c8\" data-element_type=\"widget\" data-e-type=\"widget\" data-settings=\"{&quot;_animation&quot;:&quot;zoomIn&quot;}\" data-widget_type=\"image-gallery.default\">\n\t\t\t\t\t\t\t<div class=\"elementor-image-gallery\">\n\t\t\t<div id='gallery-1' class='gallery galleryid-1280 gallery-columns-3 gallery-size-medium_large'><figure class='gallery-item'>\n\t\t\t<div class='gallery-icon portrait'>\n\t\t\t\t<a data-elementor-open-lightbox=\"yes\" data-elementor-lightbox-slideshow=\"68a18c8\" data-elementor-lightbox-title=\"82e7a83f-9b96-49cc-a31e-9f41d2dfc5ae\" data-e-action-hash=\"#elementor-action%3Aaction%3Dlightbox%26settings%3DeyJpZCI6MjEwMywidXJsIjoiaHR0cHM6XC9cL2NvbmNlcHRvbmF5Zi5jb21cL3dwLWNvbnRlbnRcL3VwbG9hZHNcLzIwMjZcLzA1XC84MmU3YTgzZi05Yjk2LTQ5Y2MtYTMxZS05ZjQxZDJkZmM1YWUuanBnIiwic2xpZGVzaG93IjoiNjhhMThjOCJ9\" href='https:\/\/conceptonayf.com\/wp-content\/uploads\/2026\/05\/82e7a83f-9b96-49cc-a31e-9f41d2dfc5ae.jpg'><img fetchpriority=\"high\" decoding=\"async\" width=\"768\" height=\"1021\" src=\"https:\/\/conceptonayf.com\/wp-content\/uploads\/2026\/05\/82e7a83f-9b96-49cc-a31e-9f41d2dfc5ae-768x1021.jpg\" class=\"attachment-medium_large size-medium_large\" alt=\"\" aria-describedby=\"gallery-1-2103\" srcset=\"https:\/\/conceptonayf.com\/wp-content\/uploads\/2026\/05\/82e7a83f-9b96-49cc-a31e-9f41d2dfc5ae-768x1021.jpg 768w, https:\/\/conceptonayf.com\/wp-content\/uploads\/2026\/05\/82e7a83f-9b96-49cc-a31e-9f41d2dfc5ae-226x300.jpg 226w, https:\/\/conceptonayf.com\/wp-content\/uploads\/2026\/05\/82e7a83f-9b96-49cc-a31e-9f41d2dfc5ae-771x1024.jpg 771w, https:\/\/conceptonayf.com\/wp-content\/uploads\/2026\/05\/82e7a83f-9b96-49cc-a31e-9f41d2dfc5ae-1156x1536.jpg 1156w, https:\/\/conceptonayf.com\/wp-content\/uploads\/2026\/05\/82e7a83f-9b96-49cc-a31e-9f41d2dfc5ae-9x12.jpg 9w, https:\/\/conceptonayf.com\/wp-content\/uploads\/2026\/05\/82e7a83f-9b96-49cc-a31e-9f41d2dfc5ae-600x797.jpg 600w, https:\/\/conceptonayf.com\/wp-content\/uploads\/2026\/05\/82e7a83f-9b96-49cc-a31e-9f41d2dfc5ae.jpg 1204w\" sizes=\"(max-width: 768px) 100vw, 768px\" \/><\/a>\n\t\t\t<\/div>\n\t\t\t\t<figcaption class='wp-caption-text gallery-caption' id='gallery-1-2103'>\n\t\t\t\tVILLA ORTIZ BASUALDO &#8211; Tecnica: Acrilico &#8211; Medidas: 60x70cm &#8211; NANCY ARAGON\n\t\t\t\t<\/figcaption><\/figure><figure class='gallery-item'>\n\t\t\t<div class='gallery-icon portrait'>\n\t\t\t\t<a data-elementor-open-lightbox=\"yes\" data-elementor-lightbox-slideshow=\"68a18c8\" data-elementor-lightbox-title=\"3f008185-5142-4a9e-b263-f40affc18ebf\" data-e-action-hash=\"#elementor-action%3Aaction%3Dlightbox%26settings%3DeyJpZCI6MjEwNCwidXJsIjoiaHR0cHM6XC9cL2NvbmNlcHRvbmF5Zi5jb21cL3dwLWNvbnRlbnRcL3VwbG9hZHNcLzIwMjZcLzA1XC8zZjAwODE4NS01MTQyLTRhOWUtYjI2My1mNDBhZmZjMThlYmYuanBnIiwic2xpZGVzaG93IjoiNjhhMThjOCJ9\" href='https:\/\/conceptonayf.com\/wp-content\/uploads\/2026\/05\/3f008185-5142-4a9e-b263-f40affc18ebf.jpg'><img decoding=\"async\" width=\"768\" height=\"1021\" src=\"https:\/\/conceptonayf.com\/wp-content\/uploads\/2026\/05\/3f008185-5142-4a9e-b263-f40affc18ebf-768x1021.jpg\" class=\"attachment-medium_large size-medium_large\" alt=\"\" aria-describedby=\"gallery-1-2104\" srcset=\"https:\/\/conceptonayf.com\/wp-content\/uploads\/2026\/05\/3f008185-5142-4a9e-b263-f40affc18ebf-768x1021.jpg 768w, https:\/\/conceptonayf.com\/wp-content\/uploads\/2026\/05\/3f008185-5142-4a9e-b263-f40affc18ebf-226x300.jpg 226w, https:\/\/conceptonayf.com\/wp-content\/uploads\/2026\/05\/3f008185-5142-4a9e-b263-f40affc18ebf-771x1024.jpg 771w, https:\/\/conceptonayf.com\/wp-content\/uploads\/2026\/05\/3f008185-5142-4a9e-b263-f40affc18ebf-1156x1536.jpg 1156w, https:\/\/conceptonayf.com\/wp-content\/uploads\/2026\/05\/3f008185-5142-4a9e-b263-f40affc18ebf-9x12.jpg 9w, https:\/\/conceptonayf.com\/wp-content\/uploads\/2026\/05\/3f008185-5142-4a9e-b263-f40affc18ebf-600x797.jpg 600w, https:\/\/conceptonayf.com\/wp-content\/uploads\/2026\/05\/3f008185-5142-4a9e-b263-f40affc18ebf.jpg 1204w\" sizes=\"(max-width: 768px) 100vw, 768px\" \/><\/a>\n\t\t\t<\/div>\n\t\t\t\t<figcaption class='wp-caption-text gallery-caption' id='gallery-1-2104'>\n\t\t\t\tVILLA SANTA PAULA &#8211; Tecnica: Acril\u00edco &#8211; Medidas: 60x70cm &#8211; NANCY ARAGON\n\t\t\t\t<\/figcaption><\/figure>\n\t\t<\/div>\n\t\t<\/div>\n\t\t\t\t\t\t<\/div>\n\t\t\t\t<\/div>\n\t\t\t\t\t<\/div>\n\t\t\t\t<\/div>\n\t\t\t\t<\/div>","protected":false},"excerpt":{"rendered":"<p>GALERIA VIRTUAL La Galer\u00eda Virtual de CONCEPTO NAYF es un espacio digital que re\u00fane obras de artistas locales y contempor\u00e1neos, permitiendo que las exposiciones trasciendan lo presencial. Aqu\u00ed se presentan proyectos, colecciones y piezas seleccionadas que pueden explorarse desde cualquier lugar, brindando mayor alcance y visibilidad al trabajo art\u00edstico. La Galer\u00eda Virtual busca acercar el [&hellip;]<\/p>\n","protected":false},"author":1,"featured_media":0,"parent":0,"menu_order":0,"comment_status":"closed","ping_status":"closed","template":"","meta":{"site-sidebar-layout":"no-sidebar","site-content-layout":"page-builder","ast-site-content-layout":"default","site-content-style":"default","site-sidebar-style":"default","ast-global-header-display":"","ast-banner-title-visibility":"","ast-main-header-display":"","ast-hfb-above-header-display":"","ast-hfb-below-header-display":"","ast-hfb-mobile-header-display":"","site-post-title":"disabled","ast-breadcrumbs-content":"","ast-featured-img":"disabled","footer-sml-layout":"","theme-transparent-header-meta":"enabled","adv-header-id-meta":"","stick-header-meta":"","header-above-stick-meta":"","header-main-stick-meta":"","header-below-stick-meta":"","astra-migrate-meta-layouts":"default","ast-page-background-enabled":"default","ast-page-background-meta":{"desktop":{"background-color":"","background-image":"","background-repeat":"repeat","background-position":"center center","background-size":"auto","background-attachment":"scroll","background-type":"","background-media":"","overlay-type":"","overlay-color":"","overlay-opacity":"","overlay-gradient":""},"tablet":{"background-color":"","background-image":"","background-repeat":"repeat","background-position":"center center","background-size":"auto","background-attachment":"scroll","background-type":"","background-media":"","overlay-type":"","overlay-color":"","overlay-opacity":"","overlay-gradient":""},"mobile":{"background-color":"","background-image":"","background-repeat":"repeat","background-position":"center center","background-size":"auto","background-attachment":"scroll","background-type":"","background-media":"","overlay-type":"","overlay-color":"","overlay-opacity":"","overlay-gradient":""}},"ast-content-background-meta":{"desktop":{"background-color":"var(--ast-global-color-5)","background-image":"","background-repeat":"repeat","background-position":"center center","background-size":"auto","background-attachment":"scroll","background-type":"","background-media":"","overlay-type":"","overlay-color":"","overlay-opacity":"","overlay-gradient":""},"tablet":{"background-color":"var(--ast-global-color-5)","background-image":"","background-repeat":"repeat","background-position":"center center","background-size":"auto","background-attachment":"scroll","background-type":"","background-media":"","overlay-type":"","overlay-color":"","overlay-opacity":"","overlay-gradient":""},"mobile":{"background-color":"var(--ast-global-color-5)","background-image":"","background-repeat":"repeat","background-position":"center center","background-size":"auto","background-attachment":"scroll","background-type":"","background-media":"","overlay-type":"","overlay-color":"","overlay-opacity":"","overlay-gradient":""}},"footnotes":""},"class_list":["post-1280","page","type-page","status-publish","hentry"],"_links":{"self":[{"href":"https:\/\/conceptonayf.com\/en\/wp-json\/wp\/v2\/pages\/1280","targetHints":{"allow":["GET"]}}],"collection":[{"href":"https:\/\/conceptonayf.com\/en\/wp-json\/wp\/v2\/pages"}],"about":[{"href":"https:\/\/conceptonayf.com\/en\/wp-json\/wp\/v2\/types\/page"}],"author":[{"embeddable":true,"href":"https:\/\/conceptonayf.com\/en\/wp-json\/wp\/v2\/users\/1"}],"replies":[{"embeddable":true,"href":"https:\/\/conceptonayf.com\/en\/wp-json\/wp\/v2\/comments?post=1280"}],"version-history":[{"count":22,"href":"https:\/\/conceptonayf.com\/en\/wp-json\/wp\/v2\/pages\/1280\/revisions"}],"predecessor-version":[{"id":2110,"href":"https:\/\/conceptonayf.com\/en\/wp-json\/wp\/v2\/pages\/1280\/revisions\/2110"}],"wp:attachment":[{"href":"https:\/\/conceptonayf.com\/en\/wp-json\/wp\/v2\/media?parent=1280"}],"curies":[{"name":"wp","href":"https:\/\/api.w.org\/{rel}","templated":true}]}}

<div data-elementor-type="wp-page" data-elementor-id="1280" class="elementor elementor-1280">
				<div class="elementor-element elementor-element-566b1bc5 e-flex e-con-boxed e-con e-parent" data-id="566b1bc5" data-element_type="container" data-e-type="container" data-settings="{&quot;background_background&quot;:&quot;classic&quot;}">
					<div class="e-con-inner">
		<div class="elementor-element elementor-element-595511a8 e-con-full e-flex e-con e-child" data-id="595511a8" data-element_type="container" data-e-type="container">
				<div class="elementor-element elementor-element-17346a38 elementor-widget elementor-widget-heading" data-id="17346a38" data-element_type="widget" data-e-type="widget" data-widget_type="heading.default">
					<h2 class="elementor-heading-title elementor-size-default">VIRTUAL GALLERY</h2>				</div>
				</div>
					</div>
				</div>
		<div class="elementor-element elementor-element-0697f7c e-flex e-con-boxed e-con e-parent" data-id="0697f7c" data-element_type="container" data-e-type="container" id="quienesSomos" data-settings="{&quot;background_background&quot;:&quot;classic&quot;}">
					<div class="e-con-inner">
		<div class="elementor-element elementor-element-f879f26 e-con-full e-flex e-con e-child" data-id="f879f26" data-element_type="container" data-e-type="container">
				<div class="elementor-element elementor-element-8a53212 elementor-widget elementor-widget-heading" data-id="8a53212" data-element_type="widget" data-e-type="widget" data-widget_type="heading.default">
					<div class="elementor-heading-title elementor-size-default">The Virtual Gallery at CONCEPTO NAYF is a digital space that showcases works by local and contemporary artists, allowing exhibitions to extend beyond the physical venue.</div>				</div>
				<div class="elementor-element elementor-element-5a0cd06 elementor-widget elementor-widget-text-editor" data-id="5a0cd06" data-element_type="widget" data-e-type="widget" data-widget_type="text-editor.default">
									<p>Here, visitors can explore projects, collections, and selected pieces from anywhere, offering greater reach and visibility for artistic work.</p><p>The Virtual Gallery aims to bring art to new audiences and expand opportunities for connection between artists and viewers.</p>								</div>
				</div>
					</div>
				</div>
		<div class="elementor-element elementor-element-df28cf7 e-flex e-con-boxed e-con e-parent" data-id="df28cf7" data-element_type="container" data-e-type="container" data-settings="{&quot;background_background&quot;:&quot;classic&quot;}">
					<div class="e-con-inner">
		<div class="elementor-element elementor-element-f55ce45 e-con-full e-flex e-con e-child" data-id="f55ce45" data-element_type="container" data-e-type="container">
				<div class="elementor-element elementor-element-68a18c8 gallery-spacing-custom elementor-invisible elementor-widget elementor-widget-image-gallery" data-id="68a18c8" data-element_type="widget" data-e-type="widget" data-settings="{&quot;_animation&quot;:&quot;zoomIn&quot;}" data-widget_type="image-gallery.default">
							<div class="elementor-image-gallery">
			<div id='gallery-1' class='gallery galleryid-1280 gallery-columns-3 gallery-size-medium_large'><figure class='gallery-item'>
			<div class='gallery-icon portrait'>
				<a data-elementor-open-lightbox="yes" data-elementor-lightbox-slideshow="68a18c8" data-elementor-lightbox-title="82e7a83f-9b96-49cc-a31e-9f41d2dfc5ae" data-e-action-hash="#elementor-action%3Aaction%3Dlightbox%26settings%3DeyJpZCI6MjEwMywidXJsIjoiaHR0cHM6XC9cL2NvbmNlcHRvbmF5Zi5jb21cL3dwLWNvbnRlbnRcL3VwbG9hZHNcLzIwMjZcLzA1XC84MmU3YTgzZi05Yjk2LTQ5Y2MtYTMxZS05ZjQxZDJkZmM1YWUuanBnIiwic2xpZGVzaG93IjoiNjhhMThjOCJ9" href='https://conceptonayf.com/wp-content/uploads/2026/05/82e7a83f-9b96-49cc-a31e-9f41d2dfc5ae.jpg'><img fetchpriority="high" decoding="async" width="768" height="1021" src="https://conceptonayf.com/wp-content/uploads/2026/05/82e7a83f-9b96-49cc-a31e-9f41d2dfc5ae-768x1021.jpg" class="attachment-medium_large size-medium_large" alt="" aria-describedby="gallery-1-2103" srcset="https://conceptonayf.com/wp-content/uploads/2026/05/82e7a83f-9b96-49cc-a31e-9f41d2dfc5ae-768x1021.jpg 768w, https://conceptonayf.com/wp-content/uploads/2026/05/82e7a83f-9b96-49cc-a31e-9f41d2dfc5ae-226x300.jpg 226w, https://conceptonayf.com/wp-content/uploads/2026/05/82e7a83f-9b96-49cc-a31e-9f41d2dfc5ae-771x1024.jpg 771w, https://conceptonayf.com/wp-content/uploads/2026/05/82e7a83f-9b96-49cc-a31e-9f41d2dfc5ae-1156x1536.jpg 1156w, https://conceptonayf.com/wp-content/uploads/2026/05/82e7a83f-9b96-49cc-a31e-9f41d2dfc5ae-9x12.jpg 9w, https://conceptonayf.com/wp-content/uploads/2026/05/82e7a83f-9b96-49cc-a31e-9f41d2dfc5ae-600x797.jpg 600w, https://conceptonayf.com/wp-content/uploads/2026/05/82e7a83f-9b96-49cc-a31e-9f41d2dfc5ae.jpg 1204w" sizes="(max-width: 768px) 100vw, 768px" /></a>
			</div>
				<figcaption class='wp-caption-text gallery-caption' id='gallery-1-2103'>
				VILLA ORTIZ BASUALDO &#8211; Tecnica: Acrilico &#8211; Medidas: 60x70cm &#8211; NANCY ARAGON
				</figcaption></figure><figure class='gallery-item'>
			<div class='gallery-icon portrait'>
				<a data-elementor-open-lightbox="yes" data-elementor-lightbox-slideshow="68a18c8" data-elementor-lightbox-title="3f008185-5142-4a9e-b263-f40affc18ebf" data-e-action-hash="#elementor-action%3Aaction%3Dlightbox%26settings%3DeyJpZCI6MjEwNCwidXJsIjoiaHR0cHM6XC9cL2NvbmNlcHRvbmF5Zi5jb21cL3dwLWNvbnRlbnRcL3VwbG9hZHNcLzIwMjZcLzA1XC8zZjAwODE4NS01MTQyLTRhOWUtYjI2My1mNDBhZmZjMThlYmYuanBnIiwic2xpZGVzaG93IjoiNjhhMThjOCJ9" href='https://conceptonayf.com/wp-content/uploads/2026/05/3f008185-5142-4a9e-b263-f40affc18ebf.jpg'><img decoding="async" width="768" height="1021" src="https://conceptonayf.com/wp-content/uploads/2026/05/3f008185-5142-4a9e-b263-f40affc18ebf-768x1021.jpg" class="attachment-medium_large size-medium_large" alt="" aria-describedby="gallery-1-2104" srcset="https://conceptonayf.com/wp-content/uploads/2026/05/3f008185-5142-4a9e-b263-f40affc18ebf-768x1021.jpg 768w, https://conceptonayf.com/wp-content/uploads/2026/05/3f008185-5142-4a9e-b263-f40affc18ebf-226x300.jpg 226w, https://conceptonayf.com/wp-content/uploads/2026/05/3f008185-5142-4a9e-b263-f40affc18ebf-771x1024.jpg 771w, https://conceptonayf.com/wp-content/uploads/2026/05/3f008185-5142-4a9e-b263-f40affc18ebf-1156x1536.jpg 1156w, https://conceptonayf.com/wp-content/uploads/2026/05/3f008185-5142-4a9e-b263-f40affc18ebf-9x12.jpg 9w, https://conceptonayf.com/wp-content/uploads/2026/05/3f008185-5142-4a9e-b263-f40affc18ebf-600x797.jpg 600w, https://conceptonayf.com/wp-content/uploads/2026/05/3f008185-5142-4a9e-b263-f40affc18ebf.jpg 1204w" sizes="(max-width: 768px) 100vw, 768px" /></a>
			</div>
				<figcaption class='wp-caption-text gallery-caption' id='gallery-1-2104'>
				VILLA SANTA PAULA &#8211; Tecnica: Acrilíco &#8211; Medidas: 60x70cm &#8211; NANCY ARAGON
				</figcaption></figure>
		</div>
		</div>
						</div>
				</div>
					</div>
				</div>
				</div>

<p>GALERIA VIRTUAL La Galería Virtual de CONCEPTO NAYF es un espacio digital que reúne obras de artistas locales y contemporáneos, permitiendo que las exposiciones trasciendan lo presencial. Aquí se presentan proyectos, colecciones y piezas seleccionadas que pueden explorarse desde cualquier lugar, brindando mayor alcance y visibilidad al trabajo artístico. La Galería Virtual busca acercar el [&hellip;]</p>
